{"id":1734,"date":"2024-10-17T00:32:21","date_gmt":"2024-10-16T21:32:21","guid":{"rendered":"https:\/\/groen.com.tr\/?page_id=1734"},"modified":"2024-10-23T19:56:49","modified_gmt":"2024-10-23T16:56:49","slug":"ab-yesil-mutabakat-egitimi","status":"publish","type":"page","link":"https:\/\/groen.com.tr\/index.php\/ab-yesil-mutabakat-egitimi\/","title":{"rendered":"AB Ye\u015fil Mutabakat E\u011fitimi"},"content":{"rendered":"\n<p class=\"has-text-align-center\"><em>Avrupa Birli\u011fi Ye\u015fil Mutabakat\u0131, AB&#8217;nin 2050 y\u0131l\u0131na kadar iklim n\u00f6tr olma hedefine ula\u015fmak i\u00e7in belirledi\u011fi bir yol haritas\u0131d\u0131r. Bu kapsaml\u0131 strateji, enerji, ula\u015f\u0131m, tar\u0131m ve di\u011fer sekt\u00f6rlerde k\u00f6kl\u00fc de\u011fi\u015fiklikler \u00f6ng\u00f6rmektedir. Bu e\u011fitim, Ye\u015fil Mutabakat\u2019\u0131n getirdi\u011fi d\u00fczenlemeler, yasal \u00e7er\u00e7eve ve i\u015f d\u00fcnyas\u0131 i\u00e7in sundu\u011fu f\u0131rsatlar hakk\u0131nda derinlemesine bilgi sa\u011flar.<\/em><\/p>\n\n\n\n<p class=\"has-text-align-center\"><em>E\u011fitimde, karbon fiyatland\u0131rma mekanizmalar\u0131, s\u0131n\u0131rda karbon d\u00fczenlemeleri (CBAM), d\u00f6ng\u00fcsel ekonomi stratejileri ve s\u00fcrd\u00fcr\u00fclebilir finansman gibi konular ele al\u0131n\u0131r. Ayr\u0131ca, AB ile ticaret yapan firmalar\u0131n Ye\u015fil Mutabakat \u00e7er\u00e7evesinde nas\u0131l uyum sa\u011flamalar\u0131 gerekti\u011fi ve bu s\u00fcre\u00e7te kar\u015f\u0131la\u015fabilecekleri zorluklar da tart\u0131\u015f\u0131l\u0131r. Bu e\u011fitim, \u00f6zellikle AB pazar\u0131 ile i\u015f yapan \u015firketler i\u00e7in kritik bir \u00f6neme sahiptir.<\/em><\/p>\n\n\n\n<p><\/p>\n\n\n\n<figure class=\"wp-block-image size-full is-resized\"><img fetchpriority=\"high\" decoding=\"async\" width=\"1024\" height=\"576\" src=\"https:\/\/groen.com.tr\/wp-content\/uploads\/2024\/10\/a_close-up_photograph_of_a_printed_report_with_eu_green_deal_written_on_the_cover_surrounded_by_doc_g7gtuf8g962zdqm6ojnx_2-edited.png\" alt=\"\" class=\"wp-image-1816\" style=\"width:1139px;height:auto\" srcset=\"https:\/\/groen.com.tr\/wp-content\/uploads\/2024\/10\/a_close-up_photograph_of_a_printed_report_with_eu_green_deal_written_on_the_cover_surrounded_by_doc_g7gtuf8g962zdqm6ojnx_2-edited.png 1024w, https:\/\/groen.com.tr\/wp-content\/uploads\/2024\/10\/a_close-up_photograph_of_a_printed_report_with_eu_green_deal_written_on_the_cover_surrounded_by_doc_g7gtuf8g962zdqm6ojnx_2-edited-300x169.png 300w, https:\/\/groen.com.tr\/wp-content\/uploads\/2024\/10\/a_close-up_photograph_of_a_printed_report_with_eu_green_deal_written_on_the_cover_surrounded_by_doc_g7gtuf8g962zdqm6ojnx_2-edited-768x432.png 768w, https:\/\/groen.com.tr\/wp-content\/uploads\/2024\/10\/a_close-up_photograph_of_a_printed_report_with_eu_green_deal_written_on_the_cover_surrounded_by_doc_g7gtuf8g962zdqm6ojnx_2-edited-750x422.png 750w\" sizes=\"(max-width: 1024px) 100vw, 1024px\" \/><\/figure>\n","protected":false},"excerpt":{"rendered":"<p>Avrupa Birli\u011fi Ye\u015fil Mutabakat\u0131, AB&#8217;nin 2050 y\u0131l\u0131na kadar iklim n\u00f6tr olma hedefine ula\u015fmak i\u00e7in belirledi\u011fi bir yol haritas\u0131d\u0131r. Bu kapsaml\u0131 strateji, enerji, ula\u015f\u0131m, tar\u0131m ve di\u011fer sekt\u00f6rlerde k\u00f6kl\u00fc de\u011fi\u015fiklikler \u00f6ng\u00f6rmektedir. Bu e\u011fitim, Ye\u015fil Mutabakat\u2019\u0131n getirdi\u011fi d\u00fczenlemeler, yasal \u00e7er\u00e7eve ve i\u015f d\u00fcnyas\u0131 i\u00e7in sundu\u011fu f\u0131rsatlar hakk\u0131nda derinlemesine bilgi sa\u011flar. E\u011fitimde, karbon fiyatland\u0131rma mekanizmalar\u0131, s\u0131n\u0131rda karbon d\u00fczenlemeleri [&hellip;]<\/p>\n","protected":false},"author":1,"featured_media":0,"parent":0,"menu_order":0,"comment_status":"closed","ping_status":"closed","template":"","meta":{"footnotes":""},"class_list":["post-1734","page","type-page","status-publish","hentry"],"_links":{"self":[{"href":"https:\/\/groen.com.tr\/index.php\/wp-json\/wp\/v2\/pages\/1734","targetHints":{"allow":["GET"]}}],"collection":[{"href":"https:\/\/groen.com.tr\/index.php\/wp-json\/wp\/v2\/pages"}],"about":[{"href":"https:\/\/groen.com.tr\/index.php\/wp-json\/wp\/v2\/types\/page"}],"author":[{"embeddable":true,"href":"https:\/\/groen.com.tr\/index.php\/wp-json\/wp\/v2\/users\/1"}],"replies":[{"embeddable":true,"href":"https:\/\/groen.com.tr\/index.php\/wp-json\/wp\/v2\/comments?post=1734"}],"version-history":[{"count":4,"href":"https:\/\/groen.com.tr\/index.php\/wp-json\/wp\/v2\/pages\/1734\/revisions"}],"predecessor-version":[{"id":1817,"href":"https:\/\/groen.com.tr\/index.php\/wp-json\/wp\/v2\/pages\/1734\/revisions\/1817"}],"wp:attachment":[{"href":"https:\/\/groen.com.tr\/index.php\/wp-json\/wp\/v2\/media?parent=1734"}],"curies":[{"name":"wp","href":"https:\/\/api.w.org\/{rel}","templated":true}]}}